 + 3*k**2 - k**3. What is o(a)?
0
Suppose 0*p + 5*p + 5*w - 25 = 0, 3*w - 17 = -5*p. Let s(r) = -77*r + p + 78*r - 9. Give s(5).
-3
Let l = 8 - 8. Suppose 5*g - 13 + 3 = l. Let a(t) be the third derivative of t**5/15 - t**4/8 + t**3/2 - t**2. Determine a(g).
13
Let o(z) = -5*z + 3*z + 4*z. Suppose -3*d + 0*d = 5*p + 34, -2*d - 4*p - 26 = 0. Give o(d).
-6
Let n(a) be the first derivative of a**5/60 + a**4/3 + 5*a**3/6 - 21*a**2/2 - 10. Let z(x) be the second derivative of n(x). Calculate z(-6).
-7
Suppose 1 = 3*n + 4*x, 5*n = x + 4*x - 10. Let g(h) = 13*h - 7. Let s(d) = d - 1. Suppose -f = 111 - 105. Let w(k) = f*s(k) + g(k). Determine w(n).
-8
Let w(a) be the second derivative of a**3/6 + 2*a**2 - 57*a - 1. What is w(6)?
10
Let z(j) = 21*j**3 - 4*j - 1. Let u(o) = -105*o**3 + 21*o + 5. Let d(i) = -2*u(i) - 11*z(i). Let h be (6 + -16 - -3)/(-1) + -8 - 0. What is d(h)?
20
Let z(i) = 2*i**2 - 7*i - 1. Let k(f) be the second derivative of f**4/4 - 11*f**3/6 - f**2 - 4*f. Let t = 18 + -11. Let v(a) = t*z(a) - 5*k(a). Give v(5).
8
Let f be 4/6*207/92. Let y(c) be the first derivative of 1/4*c**4 - 1 + 4/3*c**3 + f*c**2 + 5*c. What is y(-4)?
-7
Let g(b) = 15*b + 185. Let f be g(-12). Let p(d) = -d**3 + 5*d**2 - 6*d - 2. Calculate p(f).
-32
Let p = 5 - -2. Suppose -3*o = o + q - 8, 3*o - 5 = -q. Let g be p + 6/o + -4. Let z(a) = -a**2 + 6*a - 1. Give z(g).
4
Let g be ((2 - -1) + 4)*(-2)/(-2). Suppose 3*i - 6 = 0, 3*i = -2*t + g*t - 39. Let m(y) = -y**2 + 9*y - 1. Determine m(t).
-1
Let s(r) = 4*r**2 - 5*r - 5. Let w(v) = -v**2 - 120 + 0*v**2 + 120. Suppose 3*d + 3*g - 5 = 1, 5*d + 2*g - 19 = 0. Let x(q) = d*w(q) + s(q). Determine x(-4).
-1
Let q(s) be the second derivative of -s**4/12 - 3*s**3/2 + s**2 + 4*s. Let v be q(-5). Let u(p) = 10 - v + 14 - p. What is u(0)?
2
Let r(j) = j**3 - 9*j**2 + 9*j - 1. Let y = -136 - -144. Calculate r(y).
7
Let b(v) = -7*v. Suppose 3 + 1 = 2*l, 4*x - 5*l + 34 = 0. Let k(j) = -20*j. Let n(r) = x*k(r) + 17*b(r). Let h = 178 + -172. Determine n(h).
6
Let t(a) = -4*a**2 + 5*a - 2. Suppose 3*z = 9*z - 12. Calculate t(z).
-8
Let g = 1 + 4. Suppose -4*c = 2*v - g*c - 2, 3*c = -v + 1. Let s(y) = y**3 - 2*y - 41*y**2 + v + 78*y**2 - 39*y**2. Determine s(3).
4
Let o(a) = a**2 - 6*a + 2. Let p(c) be the third derivative of 5*c**4/24 + 23*c**3/6 + 23*c**2. Let h be p(-4). Give o(h).
-7
Let k(r) be the second derivative of -2*r**3/3 - r**2/2 + r. Suppose 1668*b = 1664*b - 12. What is k(b)?
11
Suppose 12 = 3*q + 3. Suppose -6*o + 6 = -q*o. Suppose o*f + 0 - 2 = 0. Let k(r) = -3*r**3 + 2*r**2 - 2*r + 1. Calculate k(f).
-2
Let l = 340 + -344. Let w(v) be the second derivative of -v**6/360 - v**5/20 + v**4/8 - v**3/6 - v. Let p(z) be the second derivative of w(z). Determine p(l).
11
Let k(v) = -3*v + 7. Let z = 70 - 68. Suppose -z*g = -3*l + 3, 5*l - 43 = -0*g - 3*g. What is k(g)?
-11
Let m(w) = 3*w - 7. Let v(a) = 2*a - 5. Let o(h) = -5*m(h) + 7*v(h). Let c(b) = 4*b + 4. Let f(n) = c(n) + 5*o(n). Give f(5).
-1
Let a(k) = -14237*k**2 + 7120*k**2 - 4 - 3*k + 7118*k**2. Determine a(0).
-4
Let k(c) be the second derivative of -c**4/12 - 5*c**3/6 + 3*c**2/2 + 17*c. Suppose -5*h = 5*w + 15, -2*w = -6*w - 2*h - 18. Give k(w).
-3
Let u = -7 + 11. Let f(w) = -w + 2*w - 5*w - w**2 + u + w**3. Let l be (-1)/1*(-4 + (-7 - -8)). Calculate f(l).
10
Let d(q) = q**3 - 9*q**2 + 9*q + 6. Let t be d(8). Let y be (-24)/t + (-12)/42. Let r(h) = -2*h**2 + 2*h**2 + 2*h + 0*h**2 - 2*h**2 - 2*h**3. Give r(y).
4
Let f be 1 - ((0 - 20) + 0). Let k = f - 28. Let v(g) = 0*g - 4*g - 4*g - g**2. Calculate v(k).
7
Let a = -554 - -558. Let o(h) be the second derivative of 2*h + 0*h**3 + 1/12*h**a + 0*h**2 + 0. What is o(0)?
0
Let z(b) = -b**3 - 9*b**2 - 4*b - 4. Let k(h) = 2*h**3 + 19*h**2 + 7*h + 8. Let x(w) = 3*k(w) + 7*z(w). Calculate x(-4).
-8
Suppose x = -2*y + 7, -4*x + 0*x + 10 = -y. Let s(q) = 3 - 4*q**2 - q - q**x + 3*q + 0*q**2 - 5. Let z(d) = -d**2 - 3*d - 4. Let u be z(-3). Give s(u).
-10
Suppose -32 = -15*t - 107. Let a(q) = 2*q + 13. Calculate a(t).
3
Let p be -4 + 6 + (-1 - -58). Let n(w) = -p + 29 + 34 + 4*w. Determine n(-4).
-12
Let q(n) = -n**3 + 10*n**2 - 11*n + 12. Let y be ((-2)/(-6))/((-7)/(-189)). Calculate q(y).
-6
Let t(i) = i**2 - 4*i - 4. Suppose -a = 41 + 6. Let v = -43 - a. Determine t(v).
-4
Let j(y) = -24 + 3*y**2 + 52 + y - 30. Let m(i) be the second derivative of i**4/3 - i**2 - 2*i. Let l(z) = -3*j(z) + 2*m(z). Determine l(2).
-8
Let k(u) = u + 3. Suppose 0*r = 6*r - 42. Let w be k(r). Let g = w - 14. Let q(n) = -n - 1. Determine q(g).
3
Let v(j) = 6*j + 0 + 1 - 5. Let k(p) = p - 13. Suppose 3*s - 63 = 5*y, -2*s + s + 2*y = -22. Let w be k(s). Calculate v(w).
14
Suppose -2*r - 43 + 33 = -p, 5*p + 20 = -4*r. Let z(i) = -i**3 - 6*i**2 - 8*i - 6. Determine z(r).
9
Let p(n) be the first derivative of 3*n**2 - n + 236. What is p(-3)?
-19
Let p(a) = 7*a - 74. Let w be p(11). Let y(m) = -6*m + 5. Determine y(w).
-13
Let q(a) = a + 1. Let h(t) = t**2 - 10*t - 3. Let w(l) = h(l) + 6*q(l). Determine w(3).
0
Let u(g) = -g - 1. Let a(o) = 4 + 2*o + 3*o - 5*o - 5*o. Let w be a(2). Give u(w).
5
Let w(p) = -p. Let h be (-4 - (-645)/25)*5. Let y = h + -116. Determine w(y).
7
Let h(z) = z**2 - 7*z + 7. Suppose 4 - 24 = 5*v. Let s = v + 7. Let f = s + 2. What is h(f)?
-3
Suppose 0 = 3*q + 6 - 15. Let i(g) be the second derivative of g**3/3 + g**2/2 - 25*g. Determine i(q).
7
Let w(o) = 14*o + 102. Let z(j) = -5*j - 36. Let i(s) = -4*w(s) - 11*z(s). Calculate i(-9).
-3
Suppose 3*i + 6 + 3 = 0. Let r be (0 - 1)*2*(i - -1). Let m(t) be the first derivative of -t**3/3 + 2*t**2 + t + 3. What is m(r)?
1
Let z(k) be the first derivative of -1/24*k**4 + 0*k**2 - 6 - 5/3*k**3 + 0*k - 1/120*k**5. Let c(n) be the third derivative of z(n). What is c(-4)?
3
Let t be ((-5)/10)/((-1)/(-6)). Let q = t - -6. Let b(y) = 3*y**2 + 2*y**3 + 1 + 3*y**3 + 3*y**q - 5*y**2. Calculate b(-1).
-9
Let k(y) = -y**3 - 6*y**2 - 2*y - 6. Let v(l) = -2*l**2 + 35*l - 22. Let w be v(17). Give k(w).
-21
Let x = 18 - 20. Let d(s) = 4*s**2 + 9*s + 9. Let r(a) = 3*a**2 + 8*a + 8. Let o(y) = x*d(y) + 3*r(y). What is o(-5)?
1
Let j(u) = u**3 - u**2 - u - 13. Let a = 37 - 7. Suppose 0*z + 5*z = -a. Let y(h) = -h**2 + h - 1. Let v(r) = z*y(r) + j(r). What is v(-6)?
-1
Let j be 3/((-6)/(-16)) - 4. Let r = -2 - j. Let d(v) = -3*v - 8. Determine d(r).
10
Let v(m) be the first derivative of m**2/2 - 8*m - 2. Suppose -4*g + 1496 = 1476. What is v(g)?
-3
Let h(g) be the third derivative of g**6/360 - g**4/24 + 19*g**3/6 - 22*g**2. Let o(s) be the first derivative of h(s). Determine o(4).
15
Let t be 1/((-5)/(-2) - 3). Let i = 14 + -12. Let r = i + t. Let v(c) = c**2 - c. Determine v(r).
0
Let n(w) = -5*w**2 - 9*w - 4. Suppose 11 - 2 = -3*s. Let y(k) = -4*k**2 - 9*k - 4. Let p(r) = s*n(r) + 4*y(r). Calculate p(-6).
14
Let u(z) = -3*z - 41. Let r(v) = 6*v + 81. Let t(q) = 4*r(q) + 7*u(q). Let s be t(-11). Let c(i) = i**3 - 3*i**2 - 3*i - 3. Calculate c(s).
1
Let y(h) = -h**2 - 7*h - 5. Let f(g) = -g - 31. Let u be f(-24). Calculate y(u).
-5
Let v(y) = -28 - 6*y + 87 - 29 - 43. Determine v(-3).
5
Let a(y) be the second derivative of -y**5/20 - 13*y**4/12 + y**3/6 - 7*y**2/2 - 52*y + 3. Determine a(-13).
-20
Let m be -2 - (-4)/8*14. Suppose -4*u - 4*d + 7*d = -171, 4*u - 181 = m*d. Let x(v) = v + v + 37 - u. Give x(4).
6
Let c(n) = -9*n + 3. Suppose -23 - 2 = 5*j. Let u(r) = 0*r + 2*r - r - 23*r + 8 + 0*r. Let m(w) = j*u(w) + 12*c(w). Determine m(5).
6
Let f be 0 - (1 - -2) - 8. Let k(c) be the third derivative of c**5/60 + c**4/2 + c**3 + c**2 + 5*c. Give k(f).
-5
Let h(t) = t**3 + 246*t + 12 + 11*t**2 - 2*t**2 - 246*t + 0*t**3. Calculate h(-9).
12
Let m(g) be the third derivative of g**6/120 - g**5/60 - 28*g**2 + 4*g. Let f(q) = -2*q**3 + q**2. Let j be f(1). What is m(j)?
-2
Let q = -237 - -224. Let t(x) = x**2 + 13*x + 9. What is t(q)?
9
Suppose -10*p = 21*p + 124. Let i(x) = x**2 + 7*x + 4. Let r(q) = q**2 + 8*q + 5. Let d(z) = 3*i(z) - 2*r(z). Give d(p).
-2
Let m(u) = 1 + 2*u**3 - 2 - 6*u**3 + u + 6*u**3 - u**2. Let l(k) = 1 - k - 2*k**3 + 3*k**2 - 2*k**2 + k**3. Let t(b) = 3*l(b) + 2*m(b). What is t(0)?
1
Let z(q) = 172*q**2 - 4 - 3*q + q**3 + 175*q**2 - 345*q**2. Calculate z(-3).
-4
Suppos